 456*c**2 + 23*c - 23. What is the tens digit of i(20)?
3
Let h = -1 - -2. Let t(o) = 67*o**3 - 6*o**2 - 4*o - 8. Let j(d) = -134*d**3 + 11*d**2 + 7*d + 15. Let s(v) = -6*j(v) - 11*t(v). What is the tens digit of s(h)?
6
Suppose -5*p - 4*q + 6731 = 0, -16*q + 17*q + 1348 = p. Let h = 2705 - p. What is the thousands digit of h?
1
Let h be ((-11)/(-3))/(49/882). What is the tens digit of (h/(-55))/(2/(-1330))?
9
Suppose 209*h + 1108475 = 310*h. What is the thousands digit of h?
0
Let k = 206 - 175. Let f(w) = 10*w - 192. What is the units digit of f(k)?
8
Suppose 8009 = 8*k - 6463. Suppose 3*c - 6408 + k = 0. What is the hundreds digit of c?
5
Let w(i) = -i**2 + 4*i + 38. Let o be w(8). What is the units digit of 9 + 8*o/12?
3
Let i = 138 - 94. Suppose 52*n - i*n = 4856. What is the hundreds digit of n?
6
Let d = 21 + -29. Let b(o) = o - 18. Let x be b(d). Let y = -14 - x. What is the units digit of y?
2
What is the hundreds digit of ((-14)/88 + 55/(-605))*-45620?
4
Let p(g) = -2*g**3 - 7*g**2 + 2*g - 32. What is the tens digit of p(-14)?
5
Suppose -2 = 3*o + 4. Let v be 0 + (o - -6) + -1. Suppose 3*u + 7 - 16 = 0, 0 = -2*i + v*u + 55. What is the tens digit of i?
3
Let d(f) = -f**2 - 23*f - 40. Let t be d(-21). Suppose -10*q = -12*q - t*q. Suppose -4*b = -q*b + w - 409, 5*b = 3*w + 490. What is the tens digit of b?
0
Let o = -143 - -155. Suppose -532 - 344 = -2*d - 2*c, 0 = 3*c + o. What is the tens digit of d?
4
Suppose 13*c - 3158601 = -43*c - 371649. What is the ten thousands digit of c?
4
Let v(j) = -7*j + 4. Let k be v(1). Let y be (-177)/(4 + (-15)/3). What is the hundreds digit of (0 + 0)/k + y?
1
Suppose 7 = -5*g - 3. Let y = g - -73. Let m = 121 - y. What is the tens digit of m?
5
Let c be (1 - 3)*-33 + (4 - 4). Let j = -24 + c. Suppose -j = -r + 2*g, 0 = r - 0*r + 5*g - 42. What is the tens digit of r?
4
Let k = -394 + 364. What is the units digit of (k + 32)*7*14?
6
Let l = -705 - -372. Let b = 568 - l. What is the hundreds digit of b?
9
Let n be (-1789)/(6/(-18)*3). Let b = n + -745. What is the units digit of b?
4
Let x(g) = 1188*g - 429. What is the tens digit of x(8)?
7
Let z(x) be the first derivative of 157*x**2/2 + 8*x - 30. Let i be z(1). Suppose -18*g + 13*g = -i. What is the tens digit of g?
3
Let r(s) be the first derivative of -s**4/4 + 16*s**3/3 - 19*s**2/2 + 8*s + 13. What is the hundreds digit of r(13)?
2
What is the tens digit of (5 + (-39)/9)*(10 - 1) + 16881?
8
Let f be -575*(-4 + 3 + 0). Let o = -395 + f. What is the hundreds digit of o?
1
What is the thousands digit of 56365 - ((8/8 - -3) + -6)?
6
Let m(k) = k - 2. Let s be m(9). Suppose 3*d + 19 = s. What is the tens digit of 426/d*(-12)/18?
7
Let r(z) = 329*z - 127. Let x be r(0). Suppose -k + 783 = 2*k. Let a = k + x. What is the hundreds digit of a?
1
Let i be (3/6)/(13/6 + -2). Let v be -3*(-3)/9 + 7 - i. Suppose 0 = -v*z + 5*w + 685, -4*w + 157 = z - 0*w. What is the tens digit of z?
4
Suppose 17*s + 19*s - 25*s - 193457 = 0. What is the tens digit of s?
8
Let v(x) be the first derivative of -x**4/2 + 64*x**3/3 - 13*x**2 + 74*x + 209. What is the thousands digit of v(31)?
1
Let a = 997 + 5433. What is the tens digit of a?
3
Let k = 891 - 224. Let c = k + -442. What is the tens digit of c?
2
Suppose 888 = 16*z - 10*z. Suppose 149*f - z*f = 522. What is the hundreds digit of f?
5
Let k be 7/(6/2 + -2). Suppose -c = 3*c - k*c. Suppose c*a - 2*g - 117 = -3*a, -5*g = -3*a + 108. What is the tens digit of a?
4
Let h(v) = -1865*v**3 - 7*v**2 + 6*v + 24. What is the tens digit of h(-2)?
0
Suppose -82201 = 8*z - 307913. What is the ten thousands digit of z?
2
Suppose 24 = 3*k - p, 3*p - 5*p - 16 = -2*k. Suppose -47 = -k*a + 17. What is the units digit of a?
8
Let k = 16532 - 9662. What is the tens digit of k?
7
Let n(y) = -3*y**2 + 6*y - 5. Let f be n(1). Let u(b) = b**2 - b + 1. Let z be u(f). Let h(s) = -s**3 + 9*s**2 - 5*s + 13. What is the units digit of h(z)?
6
Let z(c) = -152*c + 9. Let y be z(-1). Let u = 495 - y. What is the tens digit of u?
3
Let g(l) = -534*l**3 + 27*l**2 + 99*l + 8. What is the units digit of g(-3)?
2
Let d(o) = 3*o + 209. Let g be d(-40). Suppose 2*z - 1027 - g = 0. What is the hundreds digit of z?
5
Let n(d) = 55*d**2 - 86. What is the hundreds digit of n(-7)?
6
Let u(g) = 126*g**3 + 5*g**2 - 6*g - 2. Let v be u(3). Suppose -11*n = -v - 1930. What is the hundreds digit of n?
4
Let x(n) = 1482*n + 996. What is the thousands digit of x(5)?
8
Suppose 2*a - 6219 = 3*s, a + 1320*s - 1318*s = 3099. What is the thousands digit of a?
3
Suppose -3*l - 24076 = -2*s, 3*l - 5706 - 6305 = -s. What is the ten thousands digit of s?
1
Suppose 1 = -d + 1485. Suppose 4*w - 5*z - d = 0, 516 = w - 4*z + 145. What is the tens digit of w?
7
Let w(v) = -v**2 - v. Let a be w(0). Suppose 0 = 5*b - 0*b - 5*x - 6755, a = 3*x + 6. What is the hundreds digit of b?
3
Let y(j) = -2*j - 28. Let m be y(-2). What is the hundreds digit of (m/6)/12*-1191?
3
Let c(s) = -s**3 - 43*s**2 + 101*s - 70. What is the hundreds digit of c(-47)?
0
Let n(r) = -7*r + 56. Suppose -13*f + 9*f = y + 15, -5*y + 4*f - 99 = 0. What is the tens digit of n(y)?
8
Let c(s) = 61075 - 122044 + 61015 + 19*s. Let m = 9 + -5. What is the hundreds digit of c(m)?
1
Let k be (-10)/(-4)*(-72)/(-45). Suppose j + k*j = -i - 60, -i = -3*j - 28. Let d(w) = -w**2 - 14*w + 10. What is the tens digit of d(j)?
4
Suppose -3*q = 4*h + 159, 2*q + 3*h = -2*h - 113. Let u = -12 - q. Suppose -35*z = -u*z + 198. What is the tens digit of z?
9
Let m(t) be the first derivative of 97*t**4/4 - t**2/2 + t + 5. Let b be m(1). Suppose 393 = 4*v - 5*g, b = v - 0*g - g. What is the units digit of v?
2
Suppose 0*k = -k + 2. Let q be ((-7)/28)/((-3)/24). What is the tens digit of ((-140)/q)/(k*(-5)/10)?
7
Let s be (-3)/4 - 44685/(-60). Let l = -351 + s. What is the hundreds digit of l?
3
Let l(d) = -6*d**2 - 25*d + 61. Let r(o) = -6*o**2 - 26*o + 60. Let k(q) = 5*l(q) - 6*r(q). What is the hundreds digit of k(12)?
1
Let i(t) = -t**3 + 2*t**2 - 26*t - 21. Let v = -76 + 70. What is the units digit of i(v)?
3
Let s(x) = -x**2 - 3*x - 19. Let q be s(6). Let b = q + 60. What is the units digit of (2 + 1)*b/(-6)*8?
2
Let d(u) = u + 4. Let y be d(-4). Let j(m) = -m. Let h(z) = 3*z + 247. Let q(x) = h(x) + 5*j(x). What is the tens digit of q(y)?
4
Let z(j) = -2*j + 2*j**3 - 4*j - 5 - 3*j**3 - 4*j**2. Let d be z(-3). Suppose 5*x + g = 304, 5*g + 100 = -2*x + d*x. What is the tens digit of x?
6
Let c = -3415 + 3387. Let j = -13 - -107. Let a = j + c. What is the units digit of a?
6
Suppose 80 - 40 = -5*p. Let f(j) = 16*j**2 + 5*j + 15. What is the tens digit of f(p)?
9
Suppose -5*q + 280 = -960. Suppose -773 = -5*n - q. Let d = 152 - n. What is the units digit of d?
7
Suppose 2*n + 0*b = -2*b + 1544, -772 = -n - 4*b. Suppose 4118 = 14*g + n. What is the hundreds digit of g?
2
Suppose 128*n + 86983 + 86350 = 157*n. What is the hundreds digit of n?
9
Suppose 2*h - 33*f = -37*f + 10940, 0 = -5*h - 3*f + 27336. What is the hundreds digit of h?
4
Let f(o) = o**2 - 3*o - 2. Let r be f(5). Suppose 6*m - r = 2*m. Suppose -2*q = -m, 4*q = t - q - 50. What is the tens digit of t?
5
Suppose 18*k - 13654 - 31055 = 4755. What is the thousands digit of k?
2
Let k(s) = 8*s**2 + 4*s + 4. Let h be k(4). Let x = -785 + 721. Let g = x + h. What is the tens digit of g?
8
Suppose -3*p + 5 = q, 4*p = -q + 6 - 0. Let v be 8/4 + p + -3. Suppose 4*d - 3*y - 767 = v, -6*d + 7*d - 179 = 5*y. What is the hundreds digit of d?
1
Let q be (-64)/56*(-504)/96. Let j(f) = 4*f + 2 - 17 - f. What is the units digit of j(q)?
3
Suppose 52460 = 2*h + 4*f, f = 15*h - 12*h - 78739. What is the tens digit of h?
4
Let r = -17801 - -28939. What is the hundreds digit of r?
1
What is the thousands digit of (-449359)/(-51) + 60/1530?
8
Suppose 0 = -33*p + 139 - 7. What is the units digit of -1 + (10/p + -4)*-662?
2
Let i = 8517 - 3287. What is the units digit of i?
0
Let s be (4 + -4)/(3 + -2). Suppose p + 5 - 3 = s. What is the units digit of 1/(9/588) - p/(-6)?
5
Suppose -11*w + w = -20. Suppose 5*z + 39 = w*b - 58, b + 5*z - 56 = 0. Let l = b - 4. What is the tens digit of l?
4
What is the thousands digit of (-7 - (-18 - -15))*(-48902)/8?
4
Let g(j) = -381*j - 2175. What is the